3) in base 8?
6744
Convert 10100101100001 (base 2) to base 16.
2961
-314 (base 8) to base 15
-d9
43446 (base 7) to base 13
4c38
Convert 5220 (base 13) to base 9.
16510
What is -33366 (base 8) in base 4?
-3123312
What is a661 (base 15) in base 10?
35191
What is 10350 (base 9) in base 12?
3b69
Convert -1d9a (base 15) to base 5.
-201240
6bc5 (base 13) to base 10
15202
What is -333135 (base 6) in base 14?
-a267
What is -22221102 (base 3) in base 14?
-2538
What is -36 (base 16) in base 11?
-4a
966 (base 11) to base 13
6b4
Convert 5c3 (base 14) to base 15.
51b
What is -2904b (base 13) in base 12?
-38652
-624 (base 9) to base 16
-1fc
What is 226242 (base 7) in base 14?
10b22
What is -1341 (base 7) in base 14?
-291
Convert 249 (base 10) to base 7.
504
31133 (base 5) to base 7
5646
What is 100001111101 (base 2) in base 14?
b13
Convert -11040 (base 5) to base 11.
-640
What is 12 (base 13) in base 11?
14
What is -205 (base 16) in base 13?
-30a
What is 7669 (base 10) in base 2?
1110111110101
Convert 61315 (base 7) to base 14.
560c
3115 (base 7) to base 12
76a
Convert -10230 (base 4) to base 5.
-2200
What is -63 (base 9) in base 12?
-49
Convert 11111000100 (base 2) to base 3.
2201122
What is 12233230 (base 4) in base 10?
27628
What is 13544 (base 8) in base 13?
2958
What is 2069 (base 10) in base 15?
92e
What is 1635 (base 7) in base 13?
3c0
Convert -12133 (base 5) to base 15.
-413
1352 (base 9) to base 4
33323
-1124 (base 5) to base 4
-2210
66c6 (base 15) to base 8
52432
What is -1181 (base 12) in base 15?
-8b4
1000111111100101 (base 2) to base 15
adac
Convert -3000 (base 7) to base 5.
-13104
What is -a45 (base 13) in base 2?
-11011010011
What is 12201 (base 5) in base 11?
772
What is 165 (base 10) in base 3?
20010
What is 8800 (base 11) in base 12?
6880
-101 (base 3) to base 10
-10
Convert 1504 (base 9) to base 11.
945
What is 3522 (base 8) in base 5?
24444
-4030 (base 7) to base 2
-10101110001
Convert 594 (base 14) to base 8.
2126
Convert -311441 (base 7) to base 8.
-150216
What is -665b (base 12) in base 2?
-10110000100111
What is -76 (base 9) in base 16?
-45
Convert 101111101011 (base 2) to base 9.
4160
What is -15b61 (base 14) in base 4?
-31101221
What is -2288 (base 9) in base 11?
-1306
201103 (base 4) to base 10
2131
-1d61 (base 14) to base 13
-25a8
-892 (base 11) to base 5
-13234
What is -31003 (base 4) in base 16?
-343
Convert 202410 (base 6) to base 2.
11111100000110
Convert 546 (base 8) to base 13.
217
Convert 1750 (base 8) to base 3.
1101001
What is -101100101 (base 2) in base 14?
-1b7
-1fd5 (base 16) to base 11
-6139
What is 448 (base 11) in base 2?
1000011000
Convert -84b2 (base 12) to base 16.
-38c6
59a (base 16) to base 15
659
Convert 24c (base 16) to base 7.
1500
What is -5747 (base 10) in base 2?
-1011001110011
Convert -1011011010100 (base 2) to base 12.
-3470
3584 (base 16) to base 14
4dc8
Convert -101000100110001 (base 2) to base 11.
-14686
Convert d4aa (base 15) to base 16.
af87
What is -33030 (base 4) in base 5?
-12342
44504 (base 7) to base 4
2233121
Convert 1231001 (base 4) to base 9.
10512
-225 (base 7) to base 11
-a7
14223 (base 5) to base 16
4a4
What is 26503 (base 7) in base 6?
52524
What is 403214 (base 5) in base 10?
12934
Convert -466 (base 14) to base 10.
-874
-153 (base 15) to base 3
-102020
What is 100110001 (base 2) in base 12?
215
-464 (base 9) to base 3
-112011
10011101001001 (base 2) to base 13
4768
-1111010011100 (base 2) to base 6
-100140
What is -5015 (base 8) in base 11?
-1a2a
What is 24 (base 15) in base 4?
202
What is -2021210120 (base 3) in base 16?
-affb
-140330 (base 6) to base 10
-13086
Convert 105030 (base 6) to base 15.
2969
277 (base 15) to base 9
684
88618 (base 9) to base 2
1110010111000111
Convert -11000110 (base 2) to base 10.
-198
Convert 182 (base 13) to base 10.
275
Convert -1012 (base 15) to base 2.
-110101000000
Convert 1011111010011000 (base 2) to base 10.
48792
1232120 (base 4) to base 8
15630
3750 (base 13) to base 12
4653
224101 (base 5) to base 15
25a1
Convert 1567 (base 10) to base 5.
22232
-2003 (base 5) to base 11
-210
Convert 14041 (base 11) to base 12.
b6b6
1322 (base 9) to base 16
3e0
What is 17462 (base 8) in base 11?
6000
Convert 4a7 (base 12) to base 15.
31d
Convert 477 (base 8) to base 14.
18b
What is -35631 (base 11) in base 6?
-1033402
-471 (base 14) to base 6
-4031
-9a6a (base 12) to base 10
-17074
Convert b568 (base 15) to base 2.
1001010111001100
What is -1238 (base 9) in base 10?
-926
10110101110011 (base 2) to base 9
16857
What is -115 (base 16) in base 13?
-184
Convert -14431 (base 6) to base 3.
-10012001
-11bb (base 13) to base 8
-4730
3323 (base 7) to base 11
995
Convert -24320 (base 6) to base 16.
-df8
What is -86b (base 12) in base 10?
-1235
-10110110011010 (base 2) to base 8
-26632
1a347 (base 15) to base 16
14c7d
What is e3 (base 15) in base 2?
11010101
-2353 (base 7) to base 12
-607
Convert -429 (base 15) to base 5.
-12224
Convert -112c (base 13) to base 12.
-1484
-24bb (base 13) to base 15
-1834
7 (base 10) to base 15
7
Convert 338 (base 11) to base 3.
112222
What is 22431 (base 11) in base 3?
1122112022
1707 (base 9) to base 2
10100010111
What is -288 (base 10) in base 6?
-1200
Convert 33021 (base 4) to base 14.
4d3
-453 (base 12) to base 5
-10024
What is -206e (base 16) in base 9?
-12344
Convert 3210202 (base 4) to base 6.
151414
Convert 2322b (base 13) to base 16.
fa58
What is -250 (base 7) in base 4?
-2011
2204 (base 5) to base 15
154
What is 396 (base 13) in base 3?
212100
-575 (base 10) to base 13
-353
What is 212020 (base 3) in base 2?
1001110011
-2050 (base 9) to base 6
-10543
What is -18a (base 14) in base 6?
-1250
2276 (base 14) to base 16
1760
Convert 439 (base 16) to base 3.
1111001
What is -1122 (base 5) in base 4?
-2202
3333002 (base 4) to base 16
3fc2
-14414 (base 10) to base 11
-a914
187d (base 15) to base 12
3091
-beb (base 16) to base 4
-233223
-704 (base 10) to base 3
-222002
What is 213 (base 11) in base 5?
2011
What is -445 (base 8) in base 10?
-293
Convert 896 (base 11) to base 9.
1422
Convert 9d1 (base 14) to base 7.
5451
Convert 4763 (base 14) to base 2.
11000010010011
Convert -10338 (base 13) to base 7.
-150612
What is 11b4 (base 13) in base 5?
40023
-311525 (base 6) to base 11
-178a1
What is -10122100102 (base 3) in base 5?
-4243241
Convert 3461 (base 9) to base 10.
2566
What is -185 (base 9) in base 2?
-10011110
-259 (base 11) to base 15
-156
What is 114324 (base 6) in base 14?
3948
What is -625 (base 8) in base 9?
-500
Convert 141 (base 6) to base 7.
115
Convert -40163 (base 10) to base 9.
-61075
What is 551 (base 10) in base 11?
461
-1111100 (base 2) to base 15
-84
-1849 (base 10) to base 9
-2474
What is 56310 (base 7) in base 11?
a755
30514 (base 8) to base 14
4856
-2a8 (base 16) to base 13
-404
Convert 303 (base 4) to base 13.
3c
-5baf (base 16) to base 15
-6e4b
240012 (base 6) to base 13
9599
30012 (base 5) to base 15
857
What is -222341 (base 5) in base 14?
-2c06
Convert -132b7 (base 12) to base 14.
-985d
Convert 9a8 (base 12) to base 4.
112100
-2112210 (base 5) to base 9
-53377
What is -3534 (base 10) in base 5?
-103114
111001110 (base 2) to base 3
122010
1511055 (base 6) to base 3
11102110022
b834 (base 14) to base 16
7c36
10110 (base 9) to base 13
3048
What is -134 (base 16) in base 12?
-218
Convert -5b (base 14) to base 5.
-311
-605 (base 8) to base 11
-324
Convert -1265 (base 7) to base 4.
-13220
Convert 362 (base 7) to base 10.
191
-46243 (base 7) to base 4
-2320033
Convert -3181 (base 12) to base 16.
-1531
What is 4625 (base 15) in base 13?
6a10
-14034 (base 5) to base 10
-1144
-1013 (base 12) to base 2
-11011001111
11110010101100 (base 2) to base 12
8ba4
What is -5510 (base 6) in base 14?
-666
What is -a59e (base 16) in base 6?
-524142
What is 223c7 (base 13) in base 10?
62186
-2221 (base 8) to base 5
-14134
Convert -1001011100 (base 2) to base 14.
-312
What is -1514 (base 6) in base 3?
-120001
Convert 1028 (base 12) to base 6.
12052
Convert 10222 (base 4) to base 11.
251
What is -2323210 (base 4) in base 8?
-27344
-12bb7 (base 12) to base 13
-ba46
What is 744 (base 11) in base 5?
12040
Convert -121303 (base 7) to base 14.
-80aa
Convert 10724 (base 8) to base 4.
1013110
-181 (base 15) to base 5
-2341
Convert 12643 (base 